{"id":86,"date":"2024-06-24T11:47:33","date_gmt":"2024-06-24T09:47:33","guid":{"rendered":"https:\/\/tisanesetbourgeons.fr\/?page_id=86"},"modified":"2025-06-12T16:14:09","modified_gmt":"2025-06-12T14:14:09","slug":"ou-nous-trouver","status":"publish","type":"page","link":"https:\/\/tisanesetbourgeons.fr\/?page_id=86","title":{"rendered":"O\u00f9 trouver les produits Tisanes et Bourgeons ?"},"content":{"rendered":"\n<ul class=\"wp-block-list\">\n<li>Mes tisanes sont vendues \u00e0 la <strong>Comm&rsquo;une \u00e9picerie<\/strong>, au 47 rue de la R\u00e9publique \u00e0 Salins les bains (39110) et vous pouvez les d\u00e9guster \u00e0 <strong>Ciboulette et compagnie<\/strong>, au 46 rue de la Libert\u00e9, \u00e0 Salins.<\/li>\n\n\n\n<li>Mes alcoolatures sont vendues \u00e0 la <strong>biocoop de Champagnole<\/strong>, au 105 rue de Chevru Lieu-dit La Vouivre &#8211; 39300 Champagnole<\/li>\n<\/ul>\n\n\n\n<p><\/p>\n\n\n\n<p><\/p>\n\n\n\n<p class=\"has-text-align-center\"><strong>Vous pouvez aussi trouver mes produits en march\u00e9 :<\/strong><\/p>\n\n\n\n<ul class=\"wp-block-list\">\n<li>Au march\u00e9 de la <strong>Ferme de la Bussi\u00e8re<\/strong> (21130 Flagey les Auxonne) le <strong>2e samedi du mois<\/strong>, de 9h \u00e0 12h.<\/li>\n\n\n\n<li>Au march\u00e9 de <strong>Rainans<\/strong>, (39290 Rainans) le <strong>2e dimanche du mois<\/strong>, de 9h \u00e0 13h).<\/li>\n\n\n\n<li>Au march\u00e9 d&rsquo;<strong>Arbois<\/strong> (6 rue des \u00e9coles, 39600 Arbois )le 2e vendredi du mois de 18 \u00e0 20h. Le vendredi 13 juin est un march\u00e9 festif. Les horaires : 18 \u00e0 21h30 pour faire les courses, se restaurer ou danser !<\/li>\n<\/ul>\n\n\n\n<p><strong>ACTUALITES : Un \u00e9v\u00e9nement exceptionnel (et je p\u00e8se mes mots ^^) va avoir lieu : mes premi\u00e8res portes ouvertes. <\/strong><\/p>\n\n\n\n<p>Je vous accueillerai le samedi <strong>5 juillet \u00e0 10h<\/strong> \u00e0 mon jardin, situ\u00e9 <strong>chemin du Barriel \u00e0 la Chapelle sur Furieuse<\/strong>.<\/p>\n\n\n\n<p>Au programme :<\/p>\n\n\n\n<ul class=\"wp-block-list\">\n<li>Une visite du jardin, pour d\u00e9couvrir les plantes qui y poussent et leurs odeurs enivrantes (d\u00e9part 10h)<\/li>\n\n\n\n<li>La pr\u00e9sentation de la ferme et de mes produits<\/li>\n\n\n\n<li>Une d\u00e9gustation de tisanes fraiches<\/li>\n<\/ul>\n\n\n\n<p>Quelques infos suppl\u00e9mentaires :<\/p>\n\n\n\n<ul class=\"wp-block-list\">\n<li>Pr\u00e9voyez votre tenue d&rsquo;ext\u00e9rieure : chapeau, chaussettes hautes pour vous prot\u00e9ger.<\/li>\n\n\n\n<li>Si vous venez en voiture, essayez de privil\u00e9gier le covoiturage. Si vous \u00eates int\u00e9ress\u00e9s, dites le moi et je vous mettrai en contact avec d&rsquo;autres personnes partant de votre coin.<\/li>\n\n\n\n<li>Vous pourrez vous garer sur le parking le long de la furieuse (chemin du Barriel)<\/li>\n<\/ul>\n\n\n\n<p>Enfin, vous pouvez commander directement mes produits en me demandant mon catalogue \u00e0 tisanesetbourgeons@protonmail.com<\/p>\n\n\n\n<p class=\"has-text-align-center\">A bient\u00f4t !<\/p>\n\n\n","protected":false},"excerpt":{"rendered":"<p>Vous pouvez aussi trouver mes produits en march\u00e9 : ACTUALITES : Un \u00e9v\u00e9nement exceptionnel (et je p\u00e8se mes mots ^^) [&hellip;]<\/p>\n","protected":false},"author":1,"featured_media":0,"parent":0,"menu_order":0,"comment_status":"closed","ping_status":"closed","template":"","meta":{"site-sidebar-layout":"default","site-content-layout":"","ast-site-content-layout":"default","site-content-style":"default","site-sidebar-style":"default","ast-global-header-display":"","ast-banner-title-visibility":"","ast-main-header-display":"","ast-hfb-above-header-display":"","ast-hfb-below-header-display":"","ast-hfb-mobile-header-display":"","site-post-title":"","ast-breadcrumbs-content":"","ast-featured-img":"","footer-sml-layout":"","ast-disable-related-posts":"","theme-transparent-header-meta":"","adv-header-id-meta":"","stick-header-meta":"","header-above-stick-meta":"","header-main-stick-meta":"","header-below-stick-meta":"","astra-migrate-meta-layouts":"default","ast-page-background-enabled":"default","ast-page-background-meta":{"desktop":{"background-color":"var(--ast-global-color-4)","background-image":"","background-repeat":"repeat","background-position":"center center","background-size":"auto","background-attachment":"scroll","background-type":"","background-media":"","overlay-type":"","overlay-color":"","overlay-opacity":"","overlay-gradient":""},"tablet":{"background-color":"","background-image":"","background-repeat":"repeat","background-position":"center center","background-size":"auto","background-attachment":"scroll","background-type":"","background-media":"","overlay-type":"","overlay-color":"","overlay-opacity":"","overlay-gradient":""},"mobile":{"background-color":"","background-image":"","background-repeat":"repeat","background-position":"center center","background-size":"auto","background-attachment":"scroll","background-type":"","background-media":"","overlay-type":"","overlay-color":"","overlay-opacity":"","overlay-gradient":""}},"ast-content-background-meta":{"desktop":{"background-color":"var(--ast-global-color-5)","background-image":"","background-repeat":"repeat","background-position":"center center","background-size":"auto","background-attachment":"scroll","background-type":"","background-media":"","overlay-type":"","overlay-color":"","overlay-opacity":"","overlay-gradient":""},"tablet":{"background-color":"var(--ast-global-color-5)","background-image":"","background-repeat":"repeat","background-position":"center center","background-size":"auto","background-attachment":"scroll","background-type":"","background-media":"","overlay-type":"","overlay-color":"","overlay-opacity":"","overlay-gradient":""},"mobile":{"background-color":"var(--ast-global-color-5)","background-image":"","background-repeat":"repeat","background-position":"center center","background-size":"auto","background-attachment":"scroll","background-type":"","background-media":"","overlay-type":"","overlay-color":"","overlay-opacity":"","overlay-gradient":""}},"footnotes":""},"class_list":["post-86","page","type-page","status-publish","hentry"],"_links":{"self":[{"href":"https:\/\/tisanesetbourgeons.fr\/index.php?rest_route=\/wp\/v2\/pages\/86","targetHints":{"allow":["GET"]}}],"collection":[{"href":"https:\/\/tisanesetbourgeons.fr\/index.php?rest_route=\/wp\/v2\/pages"}],"about":[{"href":"https:\/\/tisanesetbourgeons.fr\/index.php?rest_route=\/wp\/v2\/types\/page"}],"author":[{"embeddable":true,"href":"https:\/\/tisanesetbourgeons.fr\/index.php?rest_route=\/wp\/v2\/users\/1"}],"replies":[{"embeddable":true,"href":"https:\/\/tisanesetbourgeons.fr\/index.php?rest_route=%2Fwp%2Fv2%2Fcomments&post=86"}],"version-history":[{"count":19,"href":"https:\/\/tisanesetbourgeons.fr\/index.php?rest_route=\/wp\/v2\/pages\/86\/revisions"}],"predecessor-version":[{"id":275,"href":"https:\/\/tisanesetbourgeons.fr\/index.php?rest_route=\/wp\/v2\/pages\/86\/revisions\/275"}],"wp:attachment":[{"href":"https:\/\/tisanesetbourgeons.fr\/index.php?rest_route=%2Fwp%2Fv2%2Fmedia&parent=86"}],"curies":[{"name":"wp","href":"https:\/\/api.w.org\/{rel}","templated":true}]}}